{"id":9,"date":"2019-04-10T21:44:46","date_gmt":"2019-04-10T21:44:46","guid":{"rendered":"https:\/\/crimpi.uniurb.it\/?page_id=9"},"modified":"2019-11-04T16:39:57","modified_gmt":"2019-11-04T16:39:57","slug":"home","status":"publish","type":"page","link":"https:\/\/crimpi.uniurb.it\/","title":{"rendered":"Home"},"content":{"rendered":"<p>[et_pb_section fb_built=&#8221;1&#8243; _builder_version=&#8221;3.22.3&#8243; custom_padding=&#8221;54px|0px|15px|0px|false|false&#8221;][et_pb_row _builder_version=&#8221;3.22.3&#8243;][et_pb_column type=&#8221;4_4&#8243; _builder_version=&#8221;3.2.2&#8243;][et_pb_text _builder_version=&#8221;3.2.2&#8243;]<\/p>\n<h1><strong>CRIMPI<\/strong><br \/>Centro di Ricerca su Imprenditorialit\u00e0 e Piccole-medie Imprese<\/h1>\n<h3><em>Research Centre on Entrepreneurship and Small-medium firms<\/em><\/h3>\n<p>[\/et_pb_text][\/et_pb_column][\/et_pb_row][\/et_pb_section][et_pb_section fb_built=&#8221;1&#8243; next_background_color=&#8221;#ffffff&#8221; admin_label=&#8221;section&#8221; _builder_version=&#8221;3.23.3&#8243; background_image=&#8221;https:\/\/crimpi.uniurb.it\/wp-content\/uploads\/2019\/11\/two-businesswomen-working-in-a-cafe-UWX42XS.jpg&#8221; custom_padding=&#8221;100px|0px|318px|0px|false|false&#8221; bottom_divider_style=&#8221;curve2&#8243;][\/et_pb_section][et_pb_section fb_built=&#8221;1&#8243; _builder_version=&#8221;3.22.3&#8243;][et_pb_row _builder_version=&#8221;3.22.3&#8243;][et_pb_column type=&#8221;4_4&#8243; _builder_version=&#8221;3.2.2&#8243;][et_pb_text _builder_version=&#8221;3.2.2&#8243;]<\/p>\n<p><span style=\"font-size: x-large;\">Il Centro di Ricerca su Imprenditorialit\u00e0 e Piccole-medie Imprese \u2013 CRIMPI \u00e8 un Centro di ricerca attivo presso il Dipartimento di Economia, Societ\u00e0, Politica dell&#8217;Universit\u00e0 degli Studi di Urbino Carlo Bo.<\/span><\/p>\n<p>[\/et_pb_text][\/et_pb_column][\/et_pb_row][\/et_pb_section][et_pb_section fb_built=&#8221;1&#8243; prev_background_color=&#8221;#ffffff&#8221; next_background_color=&#8221;#ffffff&#8221; _builder_version=&#8221;3.23.3&#8243; background_color=&#8221;rgba(224,11,0,0)&#8221; top_divider_style=&#8221;ramp2&#8243; top_divider_height=&#8221;50px&#8221; bottom_divider_style=&#8221;ramp2&#8243;][et_pb_row _builder_version=&#8221;3.22.3&#8243;][et_pb_column type=&#8221;4_4&#8243; _builder_version=&#8221;3.2.2&#8243;][et_pb_text _builder_version=&#8221;3.23.3&#8243; text_font=&#8221;||||||||&#8221; text_text_color=&#8221;#ffffff&#8221; header_font=&#8221;||||||||&#8221; custom_margin=&#8221;19px||31px|||&#8221; background_layout=&#8221;dark&#8221;]<\/p>\n<h3>Obiettivi<\/h3>\n<p>Il centro svolge attivit\u00e0 di ricerca e formazione su tematiche inerenti i processi e le dinamiche di gestione delle piccole e medie imprese e i fenomeni di imprenditorialit\u00e0. In particolare, con riferimento alle suddette tematiche, il Centro svolge\u00a0<span style=\"font-size: 14px;\">studi e ricerche;\u00a0<\/span>organizzazione di seminari, workshop, convegni e conferenze;\u00a0iniziative di formazione,\u00a0<span>consulenze.<\/span><span style=\"font-size: 14px;\"><\/span><\/p>\n<p><span style=\"font-size: 14px;\">Afferiscono studiosi dell\u2019Universit\u00e0 di Urbino o di altre universit\u00e0 italiane e straniere, nonch\u00e9 esperti, professionisti e dirigenti di istituzioni pubbliche o private operanti sui temi dell\u2019imprenditorialit\u00e0 e delle piccole imprese.<\/span><\/p>\n<p>Il Centro propone di stimolare il confronto e il coordinamento tra gli studiosi interessati alle tematiche riguardanti i comportamenti delle piccole e medie imprese e i processi imprenditoriali, anche attraverso lo sviluppo di rapporti di collaborazione e confronto con altri centri di ricerca (universitari e non), operanti a livello nazionale e internazionale. Intende inoltre interagire e realizzare occasioni di dialogo, scambio e collaborazione con il mondo imprenditoriale, nonch\u00e9 con enti e istituzioni (nazionali e internazionali) che operano nell\u2019ambito delle tematiche di interesse del Centro.<\/p>\n<p>Il CRIMPI si propone inoltre di favorire la diffusione della conoscenza sui temi dell\u2019imprenditorialit\u00e0 e delle piccole imprese attraverso la realizzazione di pubblicazioni e working paper, nonch\u00e9 il sostegno di iniziative editoriali quali la Rivista Piccola Impresa\/Small Business e la collana Piccola Impresa\/Small Business.<\/p>\n<p>[\/et_pb_text][\/et_pb_column][\/et_pb_row][\/et_pb_section][et_pb_section fb_built=&#8221;1&#8243; _builder_version=&#8221;3.22.3&#8243;][et_pb_row _builder_version=&#8221;3.22.3&#8243;][et_pb_column type=&#8221;4_4&#8243; _builder_version=&#8221;3.2.2&#8243;][et_pb_text _builder_version=&#8221;3.2.2&#8243;]<\/p>\n<h3>Giunta<\/h3>\n<p>[\/et_pb_text][\/et_pb_column][\/et_pb_row][et_pb_row _builder_version=&#8221;3.22.3&#8243;][et_pb_column type=&#8221;1_3&#8243; _builder_version=&#8221;3.2.2&#8243;][et_pb_team_member name=&#8221;Francesca Cesaroni&#8221; position=&#8221;Coordinatrice&#8221; image_url=&#8221;data:image\/svg+xml;base64,PHN2ZyB3aWR0aD0iNTAwIiBoZWlnaHQ9IjUwMCIgdmlld0JveD0iMCAwIDUwMCA1MDAiIHhtbG5zPSJodHRwOi8vd3d3LnczLm9yZy8yMDAwL3N2ZyI+CiAgICA8ZyBmaWxsPSJub25lIiBmaWxsLXJ1bGU9ImV2ZW5vZGQiPgogICAgICAgIDxwYXRoIGZpbGw9IiNFQkVCRUIiIGQ9Ik0wIDBoNTAwdjUwMEgweiIvPgogICAgICAgIDxyZWN0IGZpbGwtb3BhY2l0eT0iLjEiIGZpbGw9IiMwMDAiIHg9IjY4IiB5PSIzMDUiIHdpZHRoPSIzNjQiIGhlaWdodD0iNTY4IiByeD0iMTgyIi8+CiAgICAgICAgPGNpcmNsZSBmaWxsLW9wYWNpdHk9Ii4xIiBmaWxsPSIjMDAwIiBjeD0iMjQ5IiBjeT0iMTcyIiByPSIxMDAiLz4KICAgIDwvZz4KPC9zdmc+Cg==&#8221; _builder_version=&#8221;3.2.2&#8243;]<\/p>\n<p>Professoressa Ordinaria\u00a0di Economia Aziendale<\/p>\n<p><a href=\"mailto:francesca.cesaroni@uniurb.it\">francesca.cesaroni@uniurb.it<\/a><br \/><a href=\"https:\/\/www.uniurb.it\/persone\/francesca-cesaroni\">pagina personale<\/a><\/p>\n<p>[\/et_pb_team_member][et_pb_team_member name=&#8221;Alessandro Pagano&#8221; image_url=&#8221;data:image\/svg+xml;base64,PHN2ZyB3aWR0aD0iNTAwIiBoZWlnaHQ9IjUwMCIgdmlld0JveD0iMCAwIDUwMCA1MDAiIHhtbG5zPSJodHRwOi8vd3d3LnczLm9yZy8yMDAwL3N2ZyI+CiAgICA8ZyBmaWxsPSJub25lIiBmaWxsLXJ1bGU9ImV2ZW5vZGQiPgogICAgICAgIDxwYXRoIGZpbGw9IiNFQkVCRUIiIGQ9Ik0wIDBoNTAwdjUwMEgweiIvPgogICAgICAgIDxyZWN0IGZpbGwtb3BhY2l0eT0iLjEiIGZpbGw9IiMwMDAiIHg9IjY4IiB5PSIzMDUiIHdpZHRoPSIzNjQiIGhlaWdodD0iNTY4IiByeD0iMTgyIi8+CiAgICAgICAgPGNpcmNsZSBmaWxsLW9wYWNpdHk9Ii4xIiBmaWxsPSIjMDAwIiBjeD0iMjQ5IiBjeT0iMTcyIiByPSIxMDAiLz4KICAgIDwvZz4KPC9zdmc+Cg==&#8221; _builder_version=&#8221;3.2.2&#8243;]<\/p>\n<p>Professore Associato di\u00a0Economia e Gestione delle Imprese<\/p>\n<p><a href=\"mailto:alessandro.pagano@uniurb.it\">alessandro.pagano@uniurb.it<\/a><br \/><a href=\"https:\/\/www.uniurb.it\/persone\/alessandro-pagano\">pagina personale<\/a><\/p>\n<p>[\/et_pb_team_member][\/et_pb_column][et_pb_column type=&#8221;1_3&#8243; _builder_version=&#8221;3.2.2&#8243;][et_pb_team_member name=&#8221;Massimo Ciambotti&#8221; image_url=&#8221;data:image\/svg+xml;base64,PHN2ZyB3aWR0aD0iNTAwIiBoZWlnaHQ9IjUwMCIgdmlld0JveD0iMCAwIDUwMCA1MDAiIHhtbG5zPSJodHRwOi8vd3d3LnczLm9yZy8yMDAwL3N2ZyI+CiAgICA8ZyBmaWxsPSJub25lIiBmaWxsLXJ1bGU9ImV2ZW5vZGQiPgogICAgICAgIDxwYXRoIGZpbGw9IiNFQkVCRUIiIGQ9Ik0wIDBoNTAwdjUwMEgweiIvPgogICAgICAgIDxyZWN0IGZpbGwtb3BhY2l0eT0iLjEiIGZpbGw9IiMwMDAiIHg9IjY4IiB5PSIzMDUiIHdpZHRoPSIzNjQiIGhlaWdodD0iNTY4IiByeD0iMTgyIi8+CiAgICAgICAgPGNpcmNsZSBmaWxsLW9wYWNpdHk9Ii4xIiBmaWxsPSIjMDAwIiBjeD0iMjQ5IiBjeT0iMTcyIiByPSIxMDAiLz4KICAgIDwvZz4KPC9zdmc+Cg==&#8221; _builder_version=&#8221;3.2.2&#8243;]<\/p>\n<p>Professore Ordinario di\u00a0Economia Aziendale<\/p>\n<p><a href=\"mailto:massimo.ciambotti@uniurb.it\">massimo.ciambotti@uniurb.it<\/a><br \/><a href=\"https:\/\/www.uniurb.it\/persone\/massimo-ciambotti\">pagina personale<\/a><\/p>\n<p>[\/et_pb_team_member][et_pb_team_member name=&#8221;Mara Del Baldo&#8221; image_url=&#8221;data:image\/svg+xml;base64,PHN2ZyB3aWR0aD0iNTAwIiBoZWlnaHQ9IjUwMCIgdmlld0JveD0iMCAwIDUwMCA1MDAiIHhtbG5zPSJodHRwOi8vd3d3LnczLm9yZy8yMDAwL3N2ZyI+CiAgICA8ZyBmaWxsPSJub25lIiBmaWxsLXJ1bGU9ImV2ZW5vZGQiPgogICAgICAgIDxwYXRoIGZpbGw9IiNFQkVCRUIiIGQ9Ik0wIDBoNTAwdjUwMEgweiIvPgogICAgICAgIDxyZWN0IGZpbGwtb3BhY2l0eT0iLjEiIGZpbGw9IiMwMDAiIHg9IjY4IiB5PSIzMDUiIHdpZHRoPSIzNjQiIGhlaWdodD0iNTY4IiByeD0iMTgyIi8+CiAgICAgICAgPGNpcmNsZSBmaWxsLW9wYWNpdHk9Ii4xIiBmaWxsPSIjMDAwIiBjeD0iMjQ5IiBjeT0iMTcyIiByPSIxMDAiLz4KICAgIDwvZz4KPC9zdmc+Cg==&#8221; _builder_version=&#8221;3.2.2&#8243;]<\/p>\n<p>Professoressa Associata di\u00a0Economia Aziendale<\/p>\n<p><a href=\"mailto:mara.delbaldo@uniurb.it\">mara.delbaldo@uniurb.it<\/a><br \/><a href=\"https:\/\/www.uniurb.it\/persone\/mara-delbaldo\">pagina personale<\/a><\/p>\n<p>[\/et_pb_team_member][\/et_pb_column][et_pb_column type=&#8221;1_3&#8243; _builder_version=&#8221;3.2.2&#8243;][et_pb_team_member name=&#8221;Tonino Pencarelli&#8221; image_url=&#8221;data:image\/svg+xml;base64,PHN2ZyB3aWR0aD0iNTAwIiBoZWlnaHQ9IjUwMCIgdmlld0JveD0iMCAwIDUwMCA1MDAiIHhtbG5zPSJodHRwOi8vd3d3LnczLm9yZy8yMDAwL3N2ZyI+CiAgICA8ZyBmaWxsPSJub25lIiBmaWxsLXJ1bGU9ImV2ZW5vZGQiPgogICAgICAgIDxwYXRoIGZpbGw9IiNFQkVCRUIiIGQ9Ik0wIDBoNTAwdjUwMEgweiIvPgogICAgICAgIDxyZWN0IGZpbGwtb3BhY2l0eT0iLjEiIGZpbGw9IiMwMDAiIHg9IjY4IiB5PSIzMDUiIHdpZHRoPSIzNjQiIGhlaWdodD0iNTY4IiByeD0iMTgyIi8+CiAgICAgICAgPGNpcmNsZSBmaWxsLW9wYWNpdHk9Ii4xIiBmaWxsPSIjMDAwIiBjeD0iMjQ5IiBjeT0iMTcyIiByPSIxMDAiLz4KICAgIDwvZz4KPC9zdmc+Cg==&#8221; _builder_version=&#8221;3.2.2&#8243;]<\/p>\n<p>Professore Ordinario\u00a0di Economia e Gestione delle Imprese<\/p>\n<p><a href=\"mailto:tonino.pencarelli@uniurb.it\">tonino.pencarelli@uniurb.it<\/a><br \/><a href=\"https:\/\/www.uniurb.it\/persone\/tonino-pencarelli\">pagina personale<\/a><\/p>\n<p>[\/et_pb_team_member][\/et_pb_column][\/et_pb_row][\/et_pb_section]<\/p>\n","protected":false},"excerpt":{"rendered":"<p>[et_pb_section fb_built=&#8221;1&#8243; _builder_version=&#8221;3.22.3&#8243; custom_padding=&#8221;54px|0px|15px|0px|false|false&#8221;][et_pb_row _builder_version=&#8221;3.22.3&#8243;][et_pb_column type=&#8221;4_4&#8243; _builder_version=&#8221;3.2.2&#8243;][et_pb_text _builder_version=&#8221;3.2.2&#8243;] CRIMPICentro di Ricerca su Imprenditorialit\u00e0 e Piccole-medie Imprese Research Centre on Entrepreneurship and Small-medium firms [\/et_pb_text][\/et_pb_column][\/et_pb_row][\/et_pb_section][et_pb_section fb_built=&#8221;1&#8243; next_background_color=&#8221;#ffffff&#8221; admin_label=&#8221;section&#8221; _builder_version=&#8221;3.23.3&#8243; background_image=&#8221;https:\/\/crimpi.uniurb.it\/wp-content\/uploads\/2019\/11\/two-businesswomen-working-in-a-cafe-UWX42XS.jpg&#8221; custom_padding=&#8221;100px|0px|318px|0px|false|false&#8221; bottom_divider_style=&#8221;curve2&#8243;][\/et_pb_section][et_pb_section fb_built=&#8221;1&#8243; _builder_version=&#8221;3.22.3&#8243;][et_pb_row _builder_version=&#8221;3.22.3&#8243;][et_pb_column type=&#8221;4_4&#8243; _builder_version=&#8221;3.2.2&#8243;][et_pb_text _builder_version=&#8221;3.2.2&#8243;] Il Centro di Ricerca su Imprenditorialit\u00e0 e Piccole-medie Imprese \u2013 CRIMPI \u00e8 un Centro di ricerca attivo presso [&hellip;]<\/p>\n","protected":false},"author":1,"featured_media":0,"parent":0,"menu_order":0,"comment_status":"closed","ping_status":"closed","template":"","meta":{"_et_pb_use_builder":"on","_et_pb_old_content":"","footnotes":""},"class_list":["post-9","page","type-page","status-publish","hentry"],"_links":{"self":[{"href":"https:\/\/crimpi.uniurb.it\/index.php\/wp-json\/wp\/v2\/pages\/9","targetHints":{"allow":["GET"]}}],"collection":[{"href":"https:\/\/crimpi.uniurb.it\/index.php\/wp-json\/wp\/v2\/pages"}],"about":[{"href":"https:\/\/crimpi.uniurb.it\/index.php\/wp-json\/wp\/v2\/types\/page"}],"author":[{"embeddable":true,"href":"https:\/\/crimpi.uniurb.it\/index.php\/wp-json\/wp\/v2\/users\/1"}],"replies":[{"embeddable":true,"href":"https:\/\/crimpi.uniurb.it\/index.php\/wp-json\/wp\/v2\/comments?post=9"}],"version-history":[{"count":19,"href":"https:\/\/crimpi.uniurb.it\/index.php\/wp-json\/wp\/v2\/pages\/9\/revisions"}],"predecessor-version":[{"id":60,"href":"https:\/\/crimpi.uniurb.it\/index.php\/wp-json\/wp\/v2\/pages\/9\/revisions\/60"}],"wp:attachment":[{"href":"https:\/\/crimpi.uniurb.it\/index.php\/wp-json\/wp\/v2\/media?parent=9"}],"curies":[{"name":"wp","href":"https:\/\/api.w.org\/{rel}","templated":true}]}}